-31210
What is 16746 (base 8) in base 16?
1de6
-a9 (base 16) to base 9
-207
What is -2930 (base 11) in base 14?
-1544
Convert 50430 (base 6) to base 4.
1213302
Convert -221002 (base 3) to base 4.
-22211
What is -6a2 (base 12) in base 4?
-33122
-10011220 (base 3) to base 4
-210033
Convert 101011110 (base 2) to base 10.
350
Convert -1086 (base 13) to base 15.
-a3c
Convert -3354 (base 13) to base 6.
-53103
-a29 (base 14) to base 8
-3715
What is 151 (base 8) in base 13?
81
3542 (base 6) to base 9
1148
3bb (base 14) to base 7
2124
8d8b (base 16) to base 8
106613
Convert 42120 (base 6) to base 5.
140124
Convert 1011111100 (base 2) to base 9.
1038
12752 (base 8) to base 3
21200210
What is 1102210 (base 3) in base 13?
627
12555 (base 7) to base 10
3372
Convert 8a28 (base 11) to base 6.
131012
Convert 1203 (base 10) to base 13.
717
Convert 145456 (base 7) to base 14.
a49d
-100100 (base 3) to base 14
-140
What is 32104 (base 5) in base 11?
1689
Convert -359 (base 11) to base 10.
-427
-9954 (base 11) to base 13
-5c8a
-3000 (base 4) to base 16
-c0
What is -1001110100 (base 2) in base 16?
-274
105213 (base 9) to base 10
62868
-22302 (base 4) to base 7
-2004
What is -11726 (base 8) in base 10?
-5078
-454 (base 13) to base 14
-3b3
What is 30033 (base 4) in base 2?
1100001111
Convert -1231402 (base 5) to base 12.
-11a61
Convert -103 (base 11) to base 5.
-444
What is -1110003 (base 4) in base 14?
-1d63
Convert 10112 (base 3) to base 14.
6b
Convert 352a (base 11) to base 15.
158a
Convert 15994 (base 10) to base 6.
202014
17274 (base 13) to base 10
44373
What is -800 (base 15) in base 11?
-1397
-6591 (base 15) to base 10
-21511
-22567 (base 8) to base 7
-36651
What is 450 (base 16) in base 15?
4d9
-241 (base 16) to base 5
-4302
What is -47026 (base 10) in base 9?
-71451
Convert -77000 (base 8) to base 16.
-7e00
What is 1300 (base 4) in base 10?
112
22440 (base 7) to base 3
21211120
2fe2 (base 16) to base 8
27742
Convert -12b7 (base 12) to base 7.
-6166
What is -10000000010111110 (base 2) in base 4?
-100002332
-3788 (base 9) to base 3
-10212222
What is -222010222 (base 3) in base 10?
-19061
-468 (base 15) to base 13
-5ba
Convert -174 (base 10) to base 2.
-10101110
-1001021000 (base 3) to base 14
-7717
-2123202 (base 4) to base 13
-46b9
Convert 22024 (base 5) to base 14.
7a2
What is 5610 (base 8) in base 11?
2244
-101100110111 (base 2) to base 10
-2871
What is -10121 (base 3) in base 16?
-61
Convert -486 (base 14) to base 11.
-750
-5244 (base 9) to base 13
-199c
6231 (base 7) to base 8
4202
-101010100011110 (base 2) to base 14
-7d26
5712 (base 14) to base 8
35404
-825 (base 9) to base 4
-22133
224355 (base 6) to base 15
5a1b
What is 20102 (base 3) in base 13?
104
What is -10348 (base 12) in base 8?
-51350
5444 (base 6) to base 4
103210
-4927 (base 15) to base 12
-900a
What is 6a7d (base 14) in base 3?
221102111
Convert -150 (base 6) to base 4.
-1002
What is 521 (base 8) in base 5?
2322
-1956 (base 12) to base 11
-235a
11010111000110 (base 2) to base 7
55064
-1764 (base 8) to base 15
-477
Convert -1365 (base 7) to base 16.
-219
Convert -366 (base 8) to base 7.
-501
40958 (base 10) to base 12
1b852
Convert 7552 (base 9) to base 10.
5555
What is 1080 (base 10) in base 4?
100320
-312 (base 6) to base 13
-8c
-321 (base 12) to base 14
-249
Convert -636 (base 14) to base 9.
-1610
Convert -1243333 (base 5) to base 14.
-90a7
Convert 370 (base 12) to base 9.
633
-1102021112 (base 3) to base 12
-14195
What is 16 (base 8) in base 3?
112
23240 (base 5) to base 13
a05
Convert 4330a (base 12) to base 10.
88570
632 (base 8) to base 15
1c5
Convert 2023014 (base 5) to base 10.
32884
What is -6993 (base 11) in base 7?
-35520
-5505 (base 6) to base 3
-1201212
111010122 (base 3) to base 2
10010101100111
2540 (base 12) to base 3
12210110
5c5 (base 14) to base 2
10010000001
-9231 (base 11) to base 5
-343010
What is -1110202 (base 3) in base 16?
-431
Convert 1102113 (base 4) to base 13.
2526
Convert -100 (base 2) to base 4.
-10
-3122 (base 5) to base 11
-345
What is -10001101110 (base 2) in base 7?
-3210
-64710 (base 8) to base 5
-1331310
What is -2a7 (base 12) in base 11?
-348
What is 1dc (base 16) in base 2?
111011100
Convert -151662 (base 7) to base 15.
-8b13
Convert -320022 (base 5) to base 10.
-10637
8b1b (base 14) to base 11
1714a
-113 (base 11) to base 7
-252
What is 10853 (base 10) in base 2?
10101001100101
What is -2537 (base 9) in base 2?
-11101101001
Convert 366 (base 12) to base 14.
286
What is -1116 (base 8) in base 10?
-590
-4023 (base 6) to base 11
-72a
What is 32635 (base 10) in base 15?
9a0a
What is -1434 (base 7) in base 11?
-473
9704 (base 12) to base 4
10002310
-112212 (base 3) to base 7
-1112
Convert 3b5b (base 15) to base 11.
9593
What is -44551 (base 7) in base 6?
-124041
Convert -202120 (base 3) to base 9.
-676
What is -3361 (base 10) in base 4?
-310201
What is -202101 (base 3) in base 7?
-1414
-21606 (base 10) to base 13
-9ab0
What is -3641 (base 16) in base 4?
-3121001
Convert -15 (base 6) to base 3.
-102
Convert -2b45 (base 13) to base 7.
-24253
-306 (base 14) to base 6
-2430
-1013 (base 13) to base 4
-202211
1010101 (base 4) to base 7
15511
What is -11000101000 (base 2) in base 16?
-628
-2ce (base 16) to base 13
-433
What is -40014 (base 5) in base 10?
-2509
Convert 1200122 (base 3) to base 10.
1232
Convert 24210 (base 5) to base 12.
1065
What is -32202 (base 6) in base 3?
-20000202
-96 (base 11) to base 14
-77
Convert 14332 (base 6) to base 2.
100011110000
Convert 308 (base 16) to base 12.
548
What is -30101 (base 5) in base 7?
-5354
Convert -eec (base 15) to base 6.
-23340
-360 (base 11) to base 9
-526
-200020 (base 3) to base 2
-111101100
What is -31323011 (base 4) in base 7?
-325160
Convert -222102112 (base 3) to base 11.
-13524
What is 10010011001101 (base 2) in base 7?
36316
What is 102303 (base 4) in base 10?
1203
Convert -2343 (base 9) to base 15.
-7b0
Convert 674 (base 12) to base 16.
3b8
What is -27794 (base 10) in base 4?
-12302102
25054 (base 6) to base 9
5067
What is -5778 (base 12) in base 10?
-9740
What is 24263 (base 10) in base 6?
304155
Convert 185 (base 13) to base 3.
101022
What is a43 (base 12) in base 16?
5d3
Convert -17ae3 (base 15) to base 2.
-10010101110101001
-112322 (base 4) to base 2
-10110111010
Convert -4244 (base 6) to base 15.
-444
What is 110 (base 10) in base 16?
6e
-121203 (base 6) to base 2
-10100110100011
-2046 (base 14) to base 4
-1112232
Convert -811a (base 11) to base 10.
-10790
541 (base 11) to base 10
650
What is 61183 (base 9) in base 14?
10951
What is -a3c8 (base 16) in base 11?
-29557
Convert 11111101001 (base 2) to base 16.
7e9
9c (base 14) to base 2
10001010
What is -2244 (base 8) in base 3?
-1122000
What is 6020 (base 7) in base 3?
2211202
Convert -1933 (base 13) to base 8.
-7260
Convert 10110101101 (base 2) to base 13.
87a
Convert -bab0 (base 13) to base 9.
-38588
Convert -101100 (base 4) to base 8.
-2120
Convert -53542 (base 6) to base 3.
-101001122
What is -169 (base 13) in base 9?
-314
Convert -436 (base 7) to base 6.
-1011
What is -696 (base 11) in base 4?
-30333
What is -5112 (base 8) in base 16?
-a4a
3a17 (base 11) to base 10
5221
Convert -4984 (base 13) to base 4.
-2202301
97ab (base 12) to base 3
211220012
What is d4 (base 16) in base 13?
134
Convert 35667 (base 9) to base 12.
11997
-50506 (base 9) to base 10
-33216
Convert 113202 (base 4) to base 3.
2001210
Convert -22032 (base 7) to base 3.
-21120010
-21310 (base 5) to base 13
-87c
What is 304312 (base 6) in base 4?
11323310
10125 (base 6) to base 5
20344
Convert -1320401 (base 5) to base 7.
-136553
What is -110112123 (base 4) in base 11?
-57698
Convert 50d (base 14) to base 5.
12433
Convert -23cb (base 14) to base 2.
-1100001101111
What is 230c (base 13) in base 14?
1b0d
What is -1101010110011 (base 2) in base 16?
-1ab3
What is 11110100100100 (base 2) in base 13?
7180
Convert c89 (base 13) to base 15.
97b
-102122 (base 3) to base 13
-1b2
What is 3180 (base 10) in base 11?
2431
Convert -1200112 (base 3) to base 10.
-1229
Convert 3032 (base 4) to base 16.
ce
-21857 (base 9) to base 10
-14551
623 (base 11) to base 8
1357
What is -23222 (base 4) in base 7?
-2114
101120 (base 4) to base 7
3146
What is -3233 (base 4) in base 6?
-1035
Convert -33457 (ba